o) be the first derivative of -3*o**2/2 - o + 9. Let z be w(-5). What is the greatest common divisor of z and 21?
7
Let x = 0 - -2. Let b be -2*(-4)/8*x. What is the greatest common divisor of 18 and b?
2
Suppose -67 = -2*q + 1. Let r = -2 + 19. What is the highest common factor of r and q?
17
Suppose -18 = -y - 3. Let x = -11 + y. Suppose 5*s - 7 = -t, -x*t + s + 0*s = -28. What is the highest common divisor of t and 35?
7
Let d = -57 - -60. Calculate the highest common factor of d and 21.
3
Suppose 0*t = 2*t - 2*p - 90, -3*t + 4*p = -130. What is the greatest common factor of t and 10?
10
Let z(v) = -5*v**3 - v**2 - 2*v - 1. Let w be z(-1). What is the highest common factor of w and 2?
1
Let d = 4 - -1. Let q be (12/d)/((-1)/5). Let p be (-1)/(27/q - -2). What is the highest common factor of 12 and p?
4
Let r be ((-330)/(-4) - 3) + (-30)/(-20). What is the greatest common factor of r and 9?
9
Suppose -17*j - 48 = -21*j. What is the highest common factor of j and 60?
12
Let m = -37 + 55. Calculate the highest common factor of m and 18.
18
Let p(w) = -w**2 - 8*w - 7. Let j be p(-5). Let m = 1 - -11. Calculate the highest common factor of m and j.
4
Suppose -4*v - 2*d = -37 + 7, 5*v = -2*d + 37. What is the greatest common divisor of v and 21?
7
Let y(q) = -q + 13. Let d be y(0). Suppose p = -5*p + 312. Calculate the highest common factor of p and d.
13
Let l(q) = -q**3 - 6*q**2 - q - 3. Let r be l(-6). What is the highest common factor of 21 and r?
3
Suppose s = -0*s - 7. Let v(i) = i**3 + 8*i**2 + 7*i + 6. Let z be v(s). What is the highest common divisor of z and 6?
6
Let f = 22 + -4. Suppose 5*z + f = 6*z. What is the greatest common divisor of z and 18?
18
Let c be (6/9)/((-2)/(-36)). Calculate the highest common divisor of 3 and c.
3
Let a be 0 + -4 - -2*11. What is the greatest common factor of 6 and a?
6
Let l(o) = o**2 - 6*o - 2. Let p be l(6). Let i = 5 + p. Suppose -i*u - 10 = -4*u. What is the highest common divisor of u and 5?
5
Let w(q) be the second derivative of 5*q**4/12 + q**3/3 - 5*q. Let n be w(-2). What is the greatest common divisor of 64 and n?
16
Let h(m) = 5*m + 8. Let u be h(7). Let c = 35 + -25. Let g = u - c. What is the highest common factor of 22 and g?
11
Let r = -8 + 13. Let a be 14/8 + (-1)/(-4). Suppose -2*d + 428 = -r*i + 59, a*i + 559 = 3*d. Calculate the greatest common factor of 17 and d.
17
Let r = -148 - -149. What is the highest common divisor of r and 7?
1
Let x be -6*(34/(-36) - (-12)/(-54)). Calculate the greatest common divisor of x and 77.
7
Let o = -75 + 79. What is the greatest common factor of 4 and o?
4
Let i be 0 + 0 - (-11 + -1 + -2). Let g(n) = 24*n. Let q be g(1). Let u = 108 - q. Calculate the greatest common factor of u and i.
14
Suppose 7*l = 2*l - 5*a + 30, -a = 4. Calculate the highest common divisor of 25 and l.
5
Suppose -2*j + 7 = 3. Calculate the highest common divisor of j and 4.
2
Let p = 19 + -15. Suppose p*g - g = 24. What is the highest common factor of 40 and g?
8
Suppose -14 - 89 = -3*d - r, 3*r = 2*d - 76. Let s = -21 + d. Suppose 5*t - 325 = 165. Calculate the highest common divisor of t and s.
14
Let c = -37 + 64. What is the greatest common factor of c and 18?
9
Suppose -9*m - 372 = -13*m. Calculate the greatest common factor of 31 and m.
31
Suppose 2*w + c - 45 = -2*w, 2*c = -5*w + 60. Let g(d) = d**3 + 2*d**2 + 4*d - 2. Let y be g(4). What is the greatest common divisor of y and w?
10
Let z(l) = -l**3 + 5*l + 5. Let h be z(-3). What is the greatest common factor of h and 17?
17
Let o(y) = -4*y**2 + y**2 - 4 + 3*y + 8*y**3 - 4*y. Let z be o(3). Calculate the highest common factor of z and 26.
26
Let f = -11 - -26. What is the highest common divisor of f and 6?
3
Suppose -3*y - 2*o + 10 = -o, -3*y + 14 = 5*o. Let s be 282/8 + y/(-12). Let i be 34/5 + (-14)/(-70). What is the greatest common factor of i and s?
7
Suppose -m + 6*d = d - 32, -d + 16 = 3*m. Suppose 9 + 19 = 4*j. Let t = j + 28. Calculate the greatest common divisor of m and t.
7
Suppose 2*i + 56 = 2*k + 6*i, 0 = -5*k + 4*i + 196. Let r be (-5)/(3*1/(-54)). What is the highest common divisor of r and k?
18
Suppose 193 = j + 3*m, -5*j - 4*m + m = -917. Suppose j = 5*o - 94. What is the greatest common divisor of o and 22?
11
Let m be -1 + 10/8 - (-351)/4. Suppose -3*r = -3*g - 5 - 25, 0 = -5*r - 4*g + 32. Calculate the highest common factor of r and m.
8
Let i be (-6)/2*(-5)/(-3). Let d = 6 + i. Let g be (36/21)/(d/7). Calculate the highest common divisor of g and 132.
12
Suppose 0 = 18*k - 17*k - 7. Calculate the highest common factor of k and 161.
7
Suppose 71 - 475 = -5*c + 4*t, -2*c + 164 = -4*t. Calculate the highest common factor of 5 and c.
5
Let w(j) = 6*j + 2. Let z be w(6). Suppose 4*i - z = -2. Calculate the highest common factor of i and 1.
1
Let z = 552 + -543. Suppose -2*j - r + 72 = 0, 3*j - 180 = -2*j - 2*r. What is the highest common divisor of z and j?
9
Let j(o) = -o**2 - 10*o - 1. Let n be j(-8). What is the greatest common factor of n and 3?
3
Suppose 0 = 5*t - 9 - 11. Calculate the highest common factor of t and 4.
4
Let p(x) = x + 1. Let q be p(-3). Let m be (-1955)/10 + q/4. Let u be (m/21)/((-2)/6). Calculate the greatest common divisor of 7 and u.
7
Let h(l) = 6*l**2 - l - 3. Let s be h(3). Let n(p) = -p**3 - 7*p**2 + 8. Let q be n(-7). Let v = 14 - q. What is the greatest common factor of v and s?
6
Let r = 27 + -43. Let b = -14 - r. Let u(i) = 3*i**2 - 1. Let s be u(-1). Calculate the highest common divisor of b and s.
2
Let t be -10 - -17 - 0/(-1). Let d be (-1)/3 + 65/(-3). Let i = d + 57. What is the greatest common factor of i and t?
7
Suppose -3*x = 6, 4*r - 5*r + 5*x + 37 = 0. Let z = -15 + -1. Let j = z + r. What is the highest common divisor of j and 1?
1
Let x(s) = 2*s**2 + 2*s + 2. Let r be x(-3). Suppose -r = 15*y - 17*y. Calculate the greatest common divisor of y and 77.
7
Suppose -4*o = -3*o - 73. Suppose -27 = -5*q + o. Suppose -a + q = -31. Calculate the greatest common divisor of a and 17.
17
Let r = 82 + 22. Calculate the greatest common factor of 13 and r.
13
Let m(x) = -x - 6. Let s be m(-12). What is the greatest common factor of s and 42?
6
Let d(i) = 2*i**2 + 4*i + 4. Let w(x) = -6*x**2 - 13*x - 12. Let h(o) = -8*d(o) - 3*w(o). Let z be h(-4). What is the highest common divisor of z and 24?
8
Let b(q) = 3*q + 40. Let a be b(-12). Suppose -153 = -5*f + 7. Calculate the highest common divisor of a and f.
4
Suppose 3*u - 201 = -4*z + 131, -2*u + z + 214 = 0. Calculate the highest common divisor of u and 12.
12
Suppose 3*f + 12 = 0, 3*w - 24 = -2*f - 2. What is the greatest common factor of 30 and w?
10
Let b(i) = 2*i**3 - 3*i**2 - 2*i + 3. Let c be b(3). What is the greatest common factor of c and 192?
24
Let i be 0 - (-1)/((-4)/(-4)). Let z = 36 + -25. What is the highest common divisor of i and z?
1
Let a be (3 + 10/(-6))*96. What is the greatest common divisor of a and 8?
8
Let k be 416/(-40) - (-4)/10. Let z = 20 - k. Suppose -4*x + 4*d + 40 = 0, 3*d - 20 = -2*x - 2*d. Calculate the highest common factor of z and x.
10
Let f be 4/(-12)*(-43 + 1). Calculate the greatest common divisor of f and 154.
14
Let w(d) = 5*d + 1. Let f be w(-2). Let t(c) = -c + 9. Let i be t(f). Calculate the greatest common divisor of i and 72.
18
Suppose 0 = y - 5*h + 7, 3 = y + 3*h - 6. Suppose 0 = -2*b + y + 5. Calculate the highest common divisor of 1 and b.
1
Let o(m) = 2*m**3 - 68*m - m**3 - 17 - 18*m**2 + 72*m. Let j be o(18). What is the highest common divisor of j and 11?
11
Suppose -k = -5 - 5. What is the highest common factor of 2 and k?
2
Let j be 57 + (-1 + 0)*2. Suppose 68 = 4*c - 20. Calculate the highest common divisor of j and c.
11
Suppose 4*z + 11 + 13 = 0. Let i be -4*(1 - (-9)/z). What is the greatest common divisor of i and 18?
2
Let j = 1 - -4. Suppose -j*t = 3*g - 78, 0 = -4*t + 3*g - 4*g + 68. Calculate the highest common factor of 18 and t.
18
Let m be -2*((-2 - 0) + -26). Let h = m + -5. Suppose -4*k + h + 21 = 0. What is the greatest common factor of k and 45?
9
Let y = -58 + 118. What is the greatest common divisor of 150 and y?
30
Let y(l) = l - 1. Let f be y(6). Suppose 0 = 5*s - f*i - 125, -2*s - i = -0*i - 35. Calculate the greatest common divisor o